-43 - -7 - -31)
-31
Calculate (28 - 34) + 132 + -29 + -1 + 10.
106
What is the value of 41 - (96 - 114 - -55)?
4
What is (-52 - 3) + 3 + 0 + -3 - (85 + -94)?
-46
Calculate (-24 + 8 + 3 - (17 - 36)) + 44.
50
Calculate -30 + -88 - -53 - -30.
-35
What is -1 + 3 - -2 - (-19 + (53 - -16))?
-46
Evaluate 30 + (-58 - 6) - -83.
49
Calculate 1 + 9 + (12 - 0) + (12 - 19).
15
What is (-91 - (28 + -36)) + -2 + 37?
-48
(-4 - 21) + (5 + -6 - 34)
-60
What is the value of 22 + (-35 - (-7 + -21)) + -80?
-65
Calculate (-29 + -15 - -7 - -24) + -34.
-47
What is -4295 + 4309 + (0 - -52)?
66
What is the value of (-12 - (67 - 17) - -11) + (7 - (0 - 1))?
-43
What is -6 + -125 + 21 - ((-18 - -22) + -27)?
-87
Evaluate 50 - -3 - (-1 + 4 + (54 + -30 - 30)).
56
What is the value of -87 + 98 + 22 + -88?
-55
-56 + 22 + (8 - (19 + 5 + -2))
-48
(-20 - -4) + -107 - (14 + -11 + -14)
-112
What is the value of -18 + (-10 - 7) + 16 + 14 + 9 + 60?
64
What is the value of 5 - (-23 + (-42 - -43))?
27
What is ((-18 - -31) + 1 - 9) + -89 + -14?
-98
Evaluate -15 - 11 - ((-8 + 4 - (16 - 6)) + 6).
-18
Calculate -71 - (-37 - -44 - (9 + -1)).
-70
What is 21 + (-69 - -18) + 20 + 1?
-9
What is the value of 21 + (-60 + 10 - -60)?
31
Evaluate -7 - (6 - 16) - (14 + 26 + -89).
52
Calculate -2 + 106 + -102 + (1 - -1) - (1 + 29).
-26
What is 86 - 106 - (-24 + 1 + -1)?
4
What is the value of -4 + (16 - (-64 - 17)) + -24?
69
What is 78 + -1 - (-1013 - -1022) - (-13 - 1)?
82
What is (37 - 24) + -15 + 44?
42
Evaluate 21 + (4 - 15) + 12 + 22.
44
Calculate (23 + (-19 - -7) - -8) + 26.
45
What is the value of 0 - (2 + 4 + -16) - -41 - 2?
49
What is 5 - ((-3 - 3) + 5) - 19 - (9 + -6)?
-16
-9 - (3 + 52 + -1 + (-9 - 1))
-53
What is -31 + 13 - ((-10 - -16) + -75)?
51
What is the value of 2 - (25 - -2) - (-35 + 27 + -22 - -26)?
-21
54 - (0 + (23 + -13 - 15)) - 9
50
What is -96 - 0 - (-4619 - -4578)?
-55
29 - (15 + 5 + -5 + -5) - -11
30
What is -20 + -16 + 45 - 37?
-28
Calculate 20 + (24 - 32) + (17 - 13) + 2 + 17.
35
Calculate -41 + 9 + 5 + 14.
-13
Evaluate (-36 + 43 - -45) + -96.
-44
Calculate -57 + 112 + 20 + -105.
-30
Calculate 16 - (95 + 68 - 118).
-29
-229 - (-80 + -51) - (-13 - 0)
-85
What is the value of -36 - (-14 + (13 - 33)) - (-20 - 3)?
21
What is the value of -22 + -36 + (0 - -39)?
-19
What is 16 - ((8 - (15 + 0)) + -47 + -14)?
84
What is the value of (1 - -16) + (20 + -77 - -8)?
-32
Evaluate -24 + -53 + 146 - 54.
15
What is the value of 86 + -124 - -13 - (2 + 2 + 2)?
-31
Evaluate -1574 + 1413 - (-87 - 0).
-74
Evaluate -91 - (-40 + 8) - -37.
-22
What is the value of -13 - (3 + ((-120 - -190) + (-1 - -2) - -2))?
-89
Calculate (-8047 - -7951) + (247 - 0).
151
What is 12 + (-16 + 14 - 98) + (5 + -14 - -14)?
-83
What is 81 + (-54 + 66 - 80)?
13
What is the value of (-76 - (-51 + 4)) + 27?
-2
What is 18 - -9 - 0 - (5 + -4 + 3 + -14)?
37
15 - 1 - ((43 - -30) + -19)
-40
What is the value of (4 - 49) + 29 + (3 - -48)?
35
-9 + 3 - (1 + (12 - 37))
18
Evaluate 46 + 57 + -143 + 70.
30
What is 6 + -1 - (31 + -41 + 52)?
-37
Evaluate (-5 - (-8 + 7) - -10) + -4.
2
Calculate (0 - (-26 + 8)) + 1 + 25 + (0 - -5).
49
What is 31 - (-18 + 91 + -44) - (9 + 1 + -2)?
-6
Evaluate 23 - (-9 + -6 + 10 + -7 + 7).
28
What is the value of 44 - (20 + 20 - -33)?
-29
Calculate 90 + -26 - 77 - (-2 - -39).
-50
What is the value of 3 + 5 + -1 + (15 - 30) + -1 + 62?
53
What is 19 - (16 + (-2 - (12 + -6 + -77)))?
-66
What is the value of ((1 - 12) + (-124 - -65) - (-7 + 0)) + 7?
-56
Calculate (164 - 223) + (104 - 10).
35
Evaluate 3 - (10 + (42 - 66)).
17
What is the value of 4 + -11 - -3 - (-21 - 15 - -28) - -99?
103
Evaluate -8 - (1 + -1 + 11 + -8 + -4) - 14.
-21
Calculate 67 + -30 + ((-9 - -1) + (-2 - 6) - -7).
28
Evaluate -1 + 10 + 733 + -697.
45
What is 1 + -19 - (-148 - -39 - -46)?
45
Evaluate 74 - ((-8 - -1 - (0 + 0)) + (-723 - -732)).
72
(-178 - -160) + (-6 - 101) + 7 + 6
-112
Calculate -34 - (391 - 382 - (2 - 24)).
-65
What is -284 - -229 - -39 - (1 - 39)?
22
Evaluate (2 - 3) + 89 + 4696 + -4725.
59
49 + (-33 - (26 + (-29 - -12)))
7
What is the value of 0 - (-51 + 10) - (-5 - (-8 - -13))?
51
What is -121 + (58 - (118 + -51))?
-130
What is -7 - ((-26 - -25) + 15 + 15)?
-36
What is the value of 109 + -144 - (-2 + 3 + -63)?
27
What is the value of 1435 - 1428 - (-1 + 0 - 7)?
15
What is (0 - -14) + -39 + 33 + -16 + -25?
-33
-1 + -50 + (6037 - 5974)
12
Calculate -17 + 8 + (-26 - -9) + 26 + -73.
-73
What is the value of 2 - (52 + (12 - 15 - 2 - (2 - -3)))?
-40
Calculate (9 - (-9 + 3) - 41) + 46.
20
What is 26 - (-23 - -42) - -34 - (-3 + 4)?
40
Calculate (110 - 20) + -110 - (1 + 8 + 1).
-30
Calculate -26 + 32 + -39 + -4 + 15.
-22
What is the value of (-41 - 2) + 31 + -10?
-22
9 + (2 + 25 + 0 - (-4 + (-17 - -12)))
45
Evaluate -16 + 7 + 4 + -5 + 20 + -9 + 103.
104
What is the value of 5 + -1 + -1 + -8 + (-365 - -362)?
-8
What is the value of -11 - ((-13 - (-36 - -26)) + 20)?
-28
What is -89 + (4 - 5 - (-4 + 4 + -10 + -1))?
-79
Calculate -6 + 2 + -2 + (29 + 9 - 44).
-12
Calculate -8 - (-3 - (-6 + -6 + 5)).
-12
Calculate (13 - -4) + -4 + -10 + 47 + (4 - 2).
52
70 - (88 - 158 - -99)
41
-28 - (11 + (-5 + 19 - 2) + 2 + -14)
-39
(-9 + 5 + -4 - -1) + -12 + 8 + 2
-9
Calculate 7 + 60 + -85 + 1 + 13.
-4
Evaluate (-97 - (-57 + 50)) + 49.
-41
What is the value of (-1 - -2) + -36 - (-110 + 109 - (-3 - -15))?
-22
What is the value of (2 - 28) + (191 - (-42 - -186))?
21
What is the value of 50 + -40 + (-15 - -32) - 58?
-31
What is the value of (11 - ((-2 - -7) + 8 + -3)) + 21?
22
2 + -101 + 28 + 18 + 0 + 2
-51
Evaluate 28 + -13 + 15 + -19 - 18 - -64.
57
Calculate (-32 - -1) + (1 - -1) + (35 - 19 - 25).
-38
Evaluate 95 + (-4 - -6) - (-10 + 21).
86
Calculate 44 + 70 + -134 + -9.
-29
Evaluate -16 + 1 + (27 - 83 - -13).
-58
Calculate -32 - 2 - (19 + -5 + -7 - (4 - -1)).
-36
-62 - -44 - ((-9 - 0) + 0) - -73
64
Calculate 18 - (112 - 67 - 22).
-5
Calculate (-6 - -38) + 5 - (34 - (31 - -12)).
46
-82 + (-6 - (-20 + (20 - 6))) + -20
-102
What is 11 - (-1 + -52 - -17)?
47
What is the value of -49 + (15 - (17 - 2)) + 10?
-39
(-39 - (-20 - (-52 - -33))) + (1 - 9)
-46
76 + (-107 - -62 - 47)
-16
What is the value of -6 + -1 + 2 - ((-5 + -17 - 19) + -8)?
44
6 + 41 + -18 - (3 - 5 - 5)
36
Calculate 28 + 61 + 29 + -204.
-86
What is the value of (-10 - 5) + 4 - (-10 - ((52 - -4) + 2))?
57
(2 - 3 - (19 + -44 + 24)) + -60
-60
Calculate -15123 + 15144 + (-2 - -1 - (-3 - (-1 + 0))).
22
Evaluate (-5 + 1 + -34 + 41 - 13) + -42 + -15.
-67
Calculate (113 - 113) + 10 + -11.
-1
What is the value of -15 - (-4 + (-20 - -7 - 19))?
21
-14 - (2 + 90) - (16 + -8 + 5)
-119
Calculate 103 + -2 - (57 + (-139 - -79)) - 1.
103
(735 - 800) + 0 + -2 + 3 - 6 - 5
-75
-18 - (5 - (20 - (0 + 13 + 4)))
-20
Evaluate -4 + 28 + (42 + -18 - 16) + -15.
17
Calculate (4 - 3) + 9 - (38 + -2 - 36).
10
What is the value of (-3 - (9 + -19)) + 0 + -12 - (-7 - -6)?
-4
What is (29 - 62) + 83 + -66?
-16
Calculate 0 + 1 + (-1 + 12 - 57) + -5 + 4.
-46
Calculate -14 - (-75 + (82 - 48)).
27
Evaluate -5 + -5 + -5 + (13 - 34 - -28) - -1.
-7
-8 + -3 + (-93 - (22 + -7)) + -18
-137
(28 - 2) + -3 + -5 + (206 - 166)
58
(-4 - 18) + -20 + -32 + (-2 - 15)
-91
Evaluate -81 + -2 - (-35 - (-36 - (-42 - -22))).
-64
What is 74 + (-98 - (17 + 52))?
-93
What is the value of 54 - (249 + -104 + -22)?
-69
128 + (-53 - 58) - (100 + 0)
-83
What is 2 + -1 + 61 - (-327 + (634 - 303))?
58
What is the value of 102 + (-27 - 1 - 81)?
-7
(6 - 0) + 5 - (-39 - (-1 + -28))
21
Evaluate -72 - (729 + -755 - (0 - 49)).
-95
What is the value of -4 + (-38 - (12 - 15 - -9 - -6)) + -10?
-64
What is 16 + (33 - 37) + -10?
2
1 + (1 - 15) + (38 + -26 + 40 - 48)
-9
What is 49 + 7 + -58 + 106?
104
Calculate (-23 - (32 - 61)) + -25 + 7 + -5 + 3.
-14
What is the value of 217 + -200 - (-22 + (-3 - -13) - 0)?
29
What is the value of (1 - 0 - -7) + (-21 - -43) + -7 + -15?
8
What is the value of 736 - 584 - (60 + 8)?
84
Calculate -2 - 8 - (4 - (-9 - -2 - (-133 + 206))).
-94
Calculate -7 + 12 + -4 + 23 + (-52 - -13).
-15
What is -54 - (-12 - 15) - (40 + 43)?
-110
Evaluate 15 - (-64 + (62 - 34)) - 40.
11
Evaluate -158 + 15 + (55 - 38).
-126
What is -25 + 8 + ((-2 - 5) + 15 - 14 - 3)?
-26
Evaluate -61 + (14 - -7) + 1 + -7 + -3.
-49
What is the value of -1 - 3 - (-39 + 67